*g - 16, -8 = 2*y + g - 4*g. Let q be (-8 - -6)/(-4)*-10*2. What is the hundreds digit of ((-644)/q + y)/(2/5)?
1
Let q = 101 - -253. Let t = -204 + q. What is the units digit of t?
0
Let x = -66 + 74. Let c(o) = -o**3 + 10*o**2 - 15*o. Let q be c(x). Suppose -4*b = -q*b + 372. What is the units digit of b?
3
Let d(a) = 2*a**2 + 31*a + 140. Let g(i) = -2*i**2 - 31*i - 141. Let c(n) = -2*d(n) - 3*g(n). What is the tens digit of c(-15)?
2
Let k be -5 - (16/(-4) - 1105). Suppose 10*p + k = 14*p. What is the tens digit of p?
7
Suppose 0 = 3*z - 2*d + 24 + 34, 0 = 3*z + 2*d + 38. Let h(j) = -j**3 - 12*j**2 + 14*j - 17. What is the units digit of h(z)?
3
Let g(y) = -5*y**2 + 4*y - 23. Let i(w) = -w**2 + w - 1. Let z(r) = g(r) - 6*i(r). Suppose 0 = -16*f + 5*f + 77. What is the tens digit of z(f)?
1
Let s be 2*((-694)/4 - -5)*-11. Suppose 11*y - s + 66 = 0. What is the tens digit of y?
3
Suppose c + 24 = 5*r + 47, 2*c + 2*r = -2. Suppose -9*w - 1576 = -3*f - 5*w, 0 = f + c*w - 521. What is the hundreds digit of f?
5
What is the tens digit of 18806 + -8*18/8?
8
Let o(z) = 22*z + 5. Let q be o(-2). Let m be (-2)/(-13) - 2724/q. Suppose -4*r + m = r. What is the units digit of r?
4
Suppose -13 = n - 4*h, -2*h + 5*h = -n + 8. Let s(c) = -26*c - 8. Let k(z) = z + 1. Let r(o) = n*s(o) - 4*k(o). What is the tens digit of r(7)?
5
Let q be 3 - (-3 + 0 + 2). Suppose -q*i - 12 = -m - 43, 20 = 2*i - 2*m. What is the tens digit of -1 + (-1342)/(-8) + i/28?
6
Let o(m) = 252*m + 1. Let s be o(1). Let z be 6 + (-12)/3 + s. Let c = z - 158. What is the units digit of c?
7
Let c(v) = -v**2 + 3*v + 15. Let m be c(11). Suppose 3*g = 4*s - 2*s - 55, 144 = 5*s - g. Let t = s - m. What is the units digit of t?
2
Let q be (3/(-21) - 7/(-49))/2. Suppose q = r - 5*r + 12, 2*r + 1430 = 2*i. What is the units digit of i?
8
Let m(c) = -2*c + 129. Let i be m(0). Let r = i + -66. What is the units digit of r?
3
Let l(b) = 2*b**2 - 11*b - 37. Let h be (0 + 4 + 1)*(5 + -7). What is the hundreds digit of l(h)?
2
Let n(p) = -8*p + 30. Let h be (-7 - 4) + 7 + (-24 - 1). Let k = -48 - h. What is the tens digit of n(k)?
8
Let k = 39 - 45. Let s be ((-4)/k)/((6 + -4)/12). Let w(q) = q**3 + 4*q**2 + 2*q - 1. What is the hundreds digit of w(s)?
1
Suppose -6*j = -8*j + 196. Suppose -90 + j = 2*d. Suppose 59 + 115 = x - d*g, 5*g = -2*x + 296. What is the tens digit of x?
5
Suppose -3*t + 45 = d, 0 = 3*t - 7*d + 4*d - 45. Suppose -r - 380 = -3*y + r, 3*r - t = 0. Suppose 0 = w - 3*w - 4*n + y, 0 = n. What is the tens digit of w?
6
Let i be (-122)/4*5/(-10)*-4. Let t = -73 - i. What is the units digit of (-552)/(-5) + t/30?
0
Let k be (-28)/16*-28 + 1 + -1. Suppose -3*j + 4*b = -0*j - k, 0 = j - 4*b - 11. Suppose -15*s = -j*s + 316. What is the tens digit of s?
7
Let t(f) = -1016*f - 8. Let g be t(-3). Suppose -g = -u - 7*u. Suppose u = -0*r + 4*r. What is the tens digit of r?
9
Let u = -26242 + 50175. What is the tens digit of u?
3
Let d be (-1254)/(-34) + (-14)/(-119). Suppose 214 - d = h. What is the hundreds digit of h?
1
Suppose 0 = -3*y - 2*m + 25, y = 5*y - 3*m - 39. Suppose y*v - 5464 = 2429. What is the hundreds digit of v?
8
Let h(k) = -3*k + 66. Let x be h(16). What is the units digit of x/((-3)/27*-6)?
7
Suppose 10570 = c + 5*s, -c + 12411 - 1845 = 3*s. What is the units digit of c?
0
Suppose 51516 - 1494 = 9*g. What is the units digit of g?
8
Let l(c) be the third derivative of 31*c**4/12 - 43*c**3/3 - 78*c**2. What is the tens digit of l(13)?
2
Suppose 2*o - 6 - 14 = -4*r, -5*r + 26 = 3*o. Let s be (3/o - 1) + (-33)/(-6). Suppose -s*n + 6 = -0. What is the units digit of n?
1
Let x = 2068 - -7778. What is the thousands digit of x?
9
Let p be (-2143)/15 - ((-129)/45 + 3). Let j = -114 - p. What is the tens digit of j?
2
Suppose 0 = 5*l - 10, -5*d + 2*l = -3*d + 114. What is the hundreds digit of (-981)/(-1) + 0/d?
9
What is the tens digit of 1/(38/247 + (-59556)/387452)?
5
Let i(g) = 96*g + 8914. What is the ten thousands digit of i(40)?
1
Suppose -2*t - 2*p + 42358 = -26638, -3*p = -12. What is the hundreds digit of t?
4
Let m = 4490 - 2583. Suppose m + 5166 = 11*z. What is the units digit of z?
3
Let w(y) = 46*y + 167*y**2 - 53*y - 8 + 1 + 45*y**2. What is the hundreds digit of w(3)?
8
Suppose 0 = h - 3*h - 12. Let b(d) = d**3 + 11*d**2 + 14*d + 16. What is the tens digit of b(h)?
1
Suppose -2*z - 11*q - 65986 = -5*z, -20 = 4*q. What is the hundreds digit of z?
9
Let a(l) = -2*l**2 + 50*l - 4. Let b be a(25). What is the tens digit of (2334 - 6)/(-8)*b/3?
8
Let h(i) = 3*i**2 + 90*i + 24. Let l be h(-38). Suppose 3*m + m - l = 4*v, 0 = -m - v + 224. What is the hundreds digit of m?
2
Let s(r) = -r**2 - 25*r - 19. Let t(l) = -l**2 - 24*l - 17. Let a(q) = 4*s(q) - 5*t(q). What is the units digit of a(-21)?
0
Let x be 5/3*3 - -173. Suppose -4*d = -x - 62. What is the tens digit of d?
6
Suppose 4*m = 750 + 510. Let u = 561 - 360. Let v = m - u. What is the units digit of v?
4
Let u(w) = -61*w + 192. Let h be -30 - (12/12 + -1 + 0). What is the thousands digit of u(h)?
2
Let o(h) = -3*h**2 - 3*h + 4. Let f be o(2). What is the hundreds digit of 23/161 - 16644/f?
1
Let h = -143 + 145. Suppose -z + 276 = 3*z - 4*u, 2*z = -h*u + 150. What is the units digit of z?
2
Let t = 1672 - -2586. What is the hundreds digit of t?
2
Let d(h) = 211*h**2 + 48*h + 388. What is the tens digit of d(-8)?
0
Let n be 55*7 - (7 + -6)/1. Suppose z + 4*x - n = 0, -5*z - 3*x - 151 = -2122. What is the units digit of z?
6
Let w(p) = 3*p**2 - 5*p + 10. Suppose 8*u + 11 = 43. Suppose 5 - 25 = -u*s. What is the units digit of w(s)?
0
Suppose 60*t - 59*t + q - 7613 = 0, -3*q + 7603 = t. What is the units digit of t?
8
Let h = 3926 - 579. What is the tens digit of h?
4
Suppose -2*g = 3*g + 25, 2*t - g - 563 = 0. Let i = -27 + t. Suppose -o = -13*o + i. What is the tens digit of o?
2
Let c be ((-1)/(-2))/(2/548). Suppose -4*u = 12, u - c = -r + 28. Let g = r - -43. What is the hundreds digit of g?
2
Suppose 186*h - 192*h + 24 = 0. What is the tens digit of (3 + 9850/(-70))*(-14)/h?
8
Let w = 128 - 188. Let d(r) = -213*r + 108. Let v be d(1). Let u = w - v. What is the tens digit of u?
4
Let z = -2449 + 1371. Let u = 1565 + z. What is the tens digit of u?
8
Let x = 7375 - -2213. What is the thousands digit of x?
9
Let b(p) = 42*p**2 + 16*p + 123. What is the thousands digit of b(-11)?
5
Suppose -19*f + 32652 = -2*f - 50036. What is the hundreds digit of f?
8
Let x = -116 + 121. Suppose -x*t - 532 = -12*t. What is the tens digit of t?
7
Let k be ((-1)/(-2))/(14/308). Let a = k + 44. Suppose 0 = -f - a + 193. What is the hundreds digit of f?
1
Let i(y) = 4 + 38 + 4 + 2*y. Let o be i(-21). Suppose -4*x + 141 = d, -2*x - 3*x - o*d + 179 = 0. What is the units digit of x?
5
Let m = 2244 + -3228. What is the tens digit of (-15)/(-2)*m/(-15)?
9
Suppose 4*d = -4*p + 19 + 37, 2*p - 4*d - 34 = 0. Suppose 5*w - 2392 = 4*b, p*w - 19*w + 1918 = -b. What is the tens digit of w?
8
Let z be 176/(-18) - 8/36. Let p = z - -14. Suppose 5*b = k - 108, 0*b = -k + p*b + 107. What is the hundreds digit of k?
1
Suppose 0 = -5*w + 2*a + 17087, 29*w + 3*a = 30*w - 3433. What is the units digit of w?
5
Let o(p) = 308*p**2 + 91*p + 186. What is the hundreds digit of o(-2)?
2
What is the units digit of (-16 + 0)/(7/(-49))*5262/24?
6
Let l = -427 - -1272. Let x = l - 337. Suppose -4*s + s = 3*k - 384, -2*s + x = 4*k. What is the tens digit of k?
2
What is the thousands digit of (-32 + -5)*-645 - -4?
3
Suppose 0 = 26*j - 20*j - 13236. Suppose 2*p = -3*p + 2*v + j, -1332 = -3*p + 4*v. What is the units digit of p?
0
Let c(x) = 399*x**2 + 69*x - 443. What is the units digit of c(6)?
5
Let p(u) = 3*u + 24. Let d be p(-7). Suppose d*r + a = 105, 167 = -0*r + 5*r - a. Suppose -r = -b + 43. What is the tens digit of b?
7
Suppose 0 = 9*v + 65 + 16. Let y(z) = 19*z + 7. Let q be y(v). Let m = -114 - q. What is the units digit of m?
0
Let l(a) = 8*a**2 - 533*a - 96. What is the tens digit of l(70)?
9
Let a(j) = 89*j - 80. Suppose 21 = 3*w + 3*k, 5*k - 19 = 2*w + w. What is the units digit of a(w)?
8
What is the ten thousands digit of (3/(-6))/((-2)/(-18))*1011080/(-345)?
1
Let i(d) = 7*d**3 + 4*d**2 - 4*d - 7. Let h(q) = 8*q**3 + 5*q**2 - 5*q - 7. Let j(